{"id":287,"date":"2023-10-12T21:50:52","date_gmt":"2023-10-12T18:50:52","guid":{"rendered":"https:\/\/www.sinilinnukeskus.ee\/?page_id=287"},"modified":"2024-04-11T00:10:25","modified_gmt":"2024-04-10T21:10:25","slug":"tutvustus","status":"publish","type":"page","link":"https:\/\/sinilinnukeskus.ee\/","title":{"rendered":"Tutvustus"},"content":{"rendered":"\n<figure class=\"wp-block-video\"><video height=\"1080\" style=\"aspect-ratio: 1920 \/ 1080;\" width=\"1920\" controls src=\"https:\/\/www.sinilinnukeskus.ee\/wp-content\/uploads\/2024\/04\/Liikudes-koos-tervise-suunas.mp4\"><\/video><\/figure>\n\n\n\n<p>Tere kallid R\u00e4pina piirkonna elanikud ja k\u00fclastajad!<\/p>\n\n\n\n<p>Tule \u00fchine meie tegevustega!<\/p>\n\n\n\n<p>L\u00e4bi loodud mittetulundus\u00fchingu soovime pakkuda ilma omaosaluseta k\u00f5igile R\u00e4pina Valla erilistele (puudega, v\u00e4henenud t\u00f6\u00f6v\u00f5imega) inimestele v\u00f5imalust \u00fcheskoos tugevdada kogukonna tunnet ning hoolitseda oma vaimse ja f\u00fc\u00fcsilise tervise eest.<\/p>\n\n\n\n<p>2023 on kuulutatud Eestis liikumisaastaks ning just seet\u00f5ttu paneme oma esimeseks p\u00e4evakeskuse tegevussuunaks keha eest hoolitsemise.<\/p>\n\n\n\n<p>Proovisime discgolfi R\u00e4pina Puhke- ja virgestusala discgolfi pargis ja  saime nautida looduse ilu ja helisid kepik\u00f5ndi harrastades Sillap\u00e4\u00e4 Lossipargis. Talvekuudel hoolitseme keha ja vaimu eest v\u00f5imlemisringis, mis on j\u00f5ukohane ka v\u00e4hese liikuvusega inimesele. Vajadusel toetab arjutuste sooritamisel tegevusjuhendaja. <\/p>\n\n\n\n<p>Liikumisring algab soojendusharjutustega ja l\u00f5ppeb \u00fchise joogi ja n\u00e4ksipausiga \ud83d\ude42<\/p>\n\n\n\n<p>Vahendid on&nbsp;kasutamiseks meie poolt ja hea tuju Teie poolt!<\/p>\n\n\n\n<figure class=\"wp-block-image size-large\"><img decoding=\"async\" src=\"https:\/\/www.sinilinnukeskus.ee\/wp-content\/uploads\/2023\/12\/38053_cd865419c998e9244a7c336baa17a300-8.11.2023-22_55_13-1024x461.jpg\" alt=\"\"\/><\/figure>\n","protected":false},"excerpt":{"rendered":"<p>Tere kallid R\u00e4pina piirkonna elanikud ja k\u00fclastajad! Tule \u00fchine meie tegevustega! L\u00e4bi loodud mittetulundus\u00fchingu soovime pakkuda ilma omaosaluseta k\u00f5igile R\u00e4pina Valla erilistele (puudega, v\u00e4henenud t\u00f6\u00f6v\u00f5imega)<\/p>\n","protected":false},"author":1,"featured_media":0,"parent":0,"menu_order":0,"comment_status":"closed","ping_status":"closed","template":"","meta":{"_uag_custom_page_level_css":"","footnotes":""},"class_list":["post-287","page","type-page","status-publish","hentry"],"yoast_head":"<!-- This site is optimized with the Yoast SEO plugin v20.12 - https:\/\/yoast.com\/wordpress\/plugins\/seo\/ -->\n<title>Tutvustus - Sinilinnu P\u00e4evakeskus<\/title>\n<meta name=\"robots\" content=\"index, follow, max-snippet:-1, max-image-preview:large, max-video-preview:-1\" \/>\n<link rel=\"canonical\" href=\"https:\/\/sinilinnukeskus.ee\/\" \/>\n<meta property=\"og:locale\" content=\"et_EE\" \/>\n<meta property=\"og:type\" content=\"article\" \/>\n<meta property=\"og:title\" content=\"Tutvustus - Sinilinnu P\u00e4evakeskus\" \/>\n<meta property=\"og:description\" content=\"Tere kallid R\u00e4pina piirkonna elanikud ja k\u00fclastajad! Tule \u00fchine meie tegevustega! L\u00e4bi loodud mittetulundus\u00fchingu soovime pakkuda ilma omaosaluseta k\u00f5igile R\u00e4pina Valla erilistele (puudega, v\u00e4henenud t\u00f6\u00f6v\u00f5imega)\" \/>\n<meta property=\"og:url\" content=\"https:\/\/sinilinnukeskus.ee\/\" \/>\n<meta property=\"og:site_name\" content=\"Sinilinnu P\u00e4evakeskus\" \/>\n<meta property=\"article:modified_time\" content=\"2024-04-10T21:10:25+00:00\" \/>\n<meta property=\"og:image\" content=\"https:\/\/www.sinilinnukeskus.ee\/wp-content\/uploads\/2023\/12\/38053_cd865419c998e9244a7c336baa17a300-8.11.2023-22_55_13-1024x461.jpg\" \/>\n<meta name=\"twitter:card\" content=\"summary_large_image\" \/>\n<meta name=\"twitter:label1\" content=\"Est. reading time\" \/>\n\t<meta name=\"twitter:data1\" content=\"1 minut\" \/>\n<script type=\"application\/ld+json\" class=\"yoast-schema-graph\">{\"@context\":\"https:\/\/schema.org\",\"@graph\":[{\"@type\":\"WebPage\",\"@id\":\"https:\/\/sinilinnukeskus.ee\/\",\"url\":\"https:\/\/sinilinnukeskus.ee\/\",\"name\":\"Tutvustus - Sinilinnu P\u00e4evakeskus\",\"isPartOf\":{\"@id\":\"https:\/\/sinilinnukeskus.ee\/#website\"},\"datePublished\":\"2023-10-12T18:50:52+00:00\",\"dateModified\":\"2024-04-10T21:10:25+00:00\",\"breadcrumb\":{\"@id\":\"https:\/\/sinilinnukeskus.ee\/#breadcrumb\"},\"inLanguage\":\"et\",\"potentialAction\":[{\"@type\":\"ReadAction\",\"target\":[\"https:\/\/sinilinnukeskus.ee\/\"]}]},{\"@type\":\"BreadcrumbList\",\"@id\":\"https:\/\/sinilinnukeskus.ee\/#breadcrumb\",\"itemListElement\":[{\"@type\":\"ListItem\",\"position\":1,\"name\":\"Home\",\"item\":\"https:\/\/sinilinnukeskus.ee\/\"},{\"@type\":\"ListItem\",\"position\":2,\"name\":\"Tutvustus\"}]},{\"@type\":\"WebSite\",\"@id\":\"https:\/\/sinilinnukeskus.ee\/#website\",\"url\":\"https:\/\/sinilinnukeskus.ee\/\",\"name\":\"Sinilinnu P\u00e4evakeskus\",\"description\":\"Pesa erilistele inimestele!\",\"publisher\":{\"@id\":\"https:\/\/sinilinnukeskus.ee\/#organization\"},\"potentialAction\":[{\"@type\":\"SearchAction\",\"target\":{\"@type\":\"EntryPoint\",\"urlTemplate\":\"https:\/\/sinilinnukeskus.ee\/?s={search_term_string}\"},\"query-input\":\"required name=search_term_string\"}],\"inLanguage\":\"et\"},{\"@type\":\"Organization\",\"@id\":\"https:\/\/sinilinnukeskus.ee\/#organization\",\"name\":\"Sinilinnu P\u00e4evakeskus\",\"url\":\"https:\/\/sinilinnukeskus.ee\/\",\"logo\":{\"@type\":\"ImageObject\",\"inLanguage\":\"et\",\"@id\":\"https:\/\/sinilinnukeskus.ee\/#\/schema\/logo\/image\/\",\"url\":\"https:\/\/sinilinnukeskus.ee\/wp-content\/uploads\/2023\/08\/cropped-347582059_748069043770774_4850634586322964706_n-1.jpg\",\"contentUrl\":\"https:\/\/sinilinnukeskus.ee\/wp-content\/uploads\/2023\/08\/cropped-347582059_748069043770774_4850634586322964706_n-1.jpg\",\"width\":452,\"height\":291,\"caption\":\"Sinilinnu P\u00e4evakeskus\"},\"image\":{\"@id\":\"https:\/\/sinilinnukeskus.ee\/#\/schema\/logo\/image\/\"}}]}<\/script>\n<!-- \/ Yoast SEO plugin. -->","yoast_head_json":{"title":"Tutvustus - Sinilinnu P\u00e4evakeskus","robots":{"index":"index","follow":"follow","max-snippet":"max-snippet:-1","max-image-preview":"max-image-preview:large","max-video-preview":"max-video-preview:-1"},"canonical":"https:\/\/sinilinnukeskus.ee\/","og_locale":"et_EE","og_type":"article","og_title":"Tutvustus - Sinilinnu P\u00e4evakeskus","og_description":"Tere kallid R\u00e4pina piirkonna elanikud ja k\u00fclastajad! Tule \u00fchine meie tegevustega! L\u00e4bi loodud mittetulundus\u00fchingu soovime pakkuda ilma omaosaluseta k\u00f5igile R\u00e4pina Valla erilistele (puudega, v\u00e4henenud t\u00f6\u00f6v\u00f5imega)","og_url":"https:\/\/sinilinnukeskus.ee\/","og_site_name":"Sinilinnu P\u00e4evakeskus","article_modified_time":"2024-04-10T21:10:25+00:00","og_image":[{"url":"https:\/\/www.sinilinnukeskus.ee\/wp-content\/uploads\/2023\/12\/38053_cd865419c998e9244a7c336baa17a300-8.11.2023-22_55_13-1024x461.jpg"}],"twitter_card":"summary_large_image","twitter_misc":{"Est. reading time":"1 minut"},"schema":{"@context":"https:\/\/schema.org","@graph":[{"@type":"WebPage","@id":"https:\/\/sinilinnukeskus.ee\/","url":"https:\/\/sinilinnukeskus.ee\/","name":"Tutvustus - Sinilinnu P\u00e4evakeskus","isPartOf":{"@id":"https:\/\/sinilinnukeskus.ee\/#website"},"datePublished":"2023-10-12T18:50:52+00:00","dateModified":"2024-04-10T21:10:25+00:00","breadcrumb":{"@id":"https:\/\/sinilinnukeskus.ee\/#breadcrumb"},"inLanguage":"et","potentialAction":[{"@type":"ReadAction","target":["https:\/\/sinilinnukeskus.ee\/"]}]},{"@type":"BreadcrumbList","@id":"https:\/\/sinilinnukeskus.ee\/#breadcrumb","itemListElement":[{"@type":"ListItem","position":1,"name":"Home","item":"https:\/\/sinilinnukeskus.ee\/"},{"@type":"ListItem","position":2,"name":"Tutvustus"}]},{"@type":"WebSite","@id":"https:\/\/sinilinnukeskus.ee\/#website","url":"https:\/\/sinilinnukeskus.ee\/","name":"Sinilinnu P\u00e4evakeskus","description":"Pesa erilistele inimestele!","publisher":{"@id":"https:\/\/sinilinnukeskus.ee\/#organization"},"potentialAction":[{"@type":"SearchAction","target":{"@type":"EntryPoint","urlTemplate":"https:\/\/sinilinnukeskus.ee\/?s={search_term_string}"},"query-input":"required name=search_term_string"}],"inLanguage":"et"},{"@type":"Organization","@id":"https:\/\/sinilinnukeskus.ee\/#organization","name":"Sinilinnu P\u00e4evakeskus","url":"https:\/\/sinilinnukeskus.ee\/","logo":{"@type":"ImageObject","inLanguage":"et","@id":"https:\/\/sinilinnukeskus.ee\/#\/schema\/logo\/image\/","url":"https:\/\/sinilinnukeskus.ee\/wp-content\/uploads\/2023\/08\/cropped-347582059_748069043770774_4850634586322964706_n-1.jpg","contentUrl":"https:\/\/sinilinnukeskus.ee\/wp-content\/uploads\/2023\/08\/cropped-347582059_748069043770774_4850634586322964706_n-1.jpg","width":452,"height":291,"caption":"Sinilinnu P\u00e4evakeskus"},"image":{"@id":"https:\/\/sinilinnukeskus.ee\/#\/schema\/logo\/image\/"}}]}},"uagb_featured_image_src":{"full":false,"thumbnail":false,"medium":false,"medium_large":false,"large":false,"1536x1536":false,"2048x2048":false,"nonprofit_post":false,"nonprofit_slider":false,"woocommerce_thumbnail":false,"woocommerce_single":false,"woocommerce_gallery_thumbnail":false},"uagb_author_info":{"display_name":"Sinilinnu P\u00e4evakeskus","author_link":"https:\/\/sinilinnukeskus.ee\/?author=1"},"uagb_comment_info":0,"uagb_excerpt":"Tere kallid R\u00e4pina piirkonna elanikud ja k\u00fclastajad! Tule \u00fchine meie tegevustega! L\u00e4bi loodud mittetulundus\u00fchingu soovime pakkuda ilma omaosaluseta k\u00f5igile R\u00e4pina Valla erilistele (puudega, v\u00e4henenud t\u00f6\u00f6v\u00f5imega)","_links":{"self":[{"href":"https:\/\/sinilinnukeskus.ee\/index.php?rest_route=\/wp\/v2\/pages\/287","targetHints":{"allow":["GET"]}}],"collection":[{"href":"https:\/\/sinilinnukeskus.ee\/index.php?rest_route=\/wp\/v2\/pages"}],"about":[{"href":"https:\/\/sinilinnukeskus.ee\/index.php?rest_route=\/wp\/v2\/types\/page"}],"author":[{"embeddable":true,"href":"https:\/\/sinilinnukeskus.ee\/index.php?rest_route=\/wp\/v2\/users\/1"}],"replies":[{"embeddable":true,"href":"https:\/\/sinilinnukeskus.ee\/index.php?rest_route=%2Fwp%2Fv2%2Fcomments&post=287"}],"version-history":[{"count":5,"href":"https:\/\/sinilinnukeskus.ee\/index.php?rest_route=\/wp\/v2\/pages\/287\/revisions"}],"predecessor-version":[{"id":474,"href":"https:\/\/sinilinnukeskus.ee\/index.php?rest_route=\/wp\/v2\/pages\/287\/revisions\/474"}],"wp:attachment":[{"href":"https:\/\/sinilinnukeskus.ee\/index.php?rest_route=%2Fwp%2Fv2%2Fmedia&parent=287"}],"curies":[{"name":"wp","href":"https:\/\/api.w.org\/{rel}","templated":true}]}}