{"id":182,"date":"2023-10-06T11:52:41","date_gmt":"2023-10-06T08:52:41","guid":{"rendered":"https:\/\/www.sinilinnukeskus.ee\/?page_id=182"},"modified":"2023-12-04T11:16:15","modified_gmt":"2023-12-04T09:16:15","slug":"erihoolekande-teenus","status":"publish","type":"page","link":"https:\/\/sinilinnukeskus.ee\/?page_id=182","title":{"rendered":"Osutatavad erihoolekande teenus"},"content":{"rendered":"\n<p class=\"has-text-align-center\">Erihoolekandeteenuse eesm\u00e4rk on ps\u00fc\u00fchilise erivajadusega inimese iseseisva toimetuleku arendamine ja tegevuse juhendamine. Toetavad erihoolekandeteenused on kliendile TASUTA. <\/p>\n\n\n\n<p class=\"has-text-align-center\">Toetavad erihoolekandeteenused on kliendile TASUTA. MT\u00dc Rahum\u00e4e Sinilinnud osutab kliendi kodus igap\u00e4evaelu toetamsie teenust ja toetatud elamise teenust.<\/p>\n\n\n\n<p class=\"has-text-align-center\"><strong>Igap\u00e4evaelu toetamise teenus (SHS \u00a71135 ja \u00a71136)<\/strong><\/p>\n\n\n\n<p> Igap\u00e4evaelu toetamise teenuse eesm\u00e4rk on inimese parim v\u00f5imalik iseseisev toimetulek ja areng ps\u00fchhosotsiaalse toimetuleku toetamise, igap\u00e4evaelu toimetulekuoskuste ja t\u00f6\u00f6oskuste kujundamise ning inimese l\u00e4hedaste ja temaga koos elavate inimeste n\u00f5ustamise kaudu. <\/p>\n\n\n\n<p class=\"has-text-align-center\">Igap\u00e4evaelu toetamise teenust osutatakse: inimese kodus talle n\u00e4iteks igap\u00e4evaelu oskuseid \u00f5petades,  grupitegevustes osaledes, ametiasutustes asjaajamist harjutades jne. <\/p>\n\n\n\n<p class=\"has-text-align-center\"><strong> Toetatud elamise teenus (SHS \u00a7 1142 ja \u00a7 1143)<\/strong> <\/p>\n\n\n\n<p class=\"has-text-align-center\">Toetatud elamise teenus on inimese sotsiaalse toimetuleku ja integratsiooni toetamine temale eluruumides. Inimest juhendatakse majapidamise ja igap\u00e4evaelu korraldamises eesm\u00e4rgiga tagada tema v\u00f5imalikult iseseisev toimetulek iseseisvalt elades. <\/p>\n\n\n\n<p class=\"has-text-align-center\"><strong>Teenusele saamine<\/strong><\/p>\n\n\n\n<p class=\"has-text-align-center\">Teenuste taotlemiseks esitab isik avalduse koos vajalike dokumentidega elukohaj\u00e4rgse Sotsiaalkindlustusameti juhtumikorraldajale. <\/p>\n\n\n\n<p class=\"has-text-align-center\">Sotsiaalministeeriumi poolt v\u00e4ljat\u00f6\u00f6tatud taotluste vormi saate alla laadida SIIT, samuti on see on k\u00e4ttesaadav Sotsiaalkindlustusameti kodulehel <a href=\"https:\/\/l.facebook.com\/l.php?u=http%3A%2F%2Fwww.ensib.ee%2F%3Ffbclid%3DIwAR1bd1fbBxEj9YbH3f2oj9dr8l3Y1BoyYk-aZ-0WcAbw_N0eHaYf9Eb9dDQ&amp;h=AT2enOGaHgF8sFGkrX3oW9JX7R-NgoQYLsXn3VjAZjmONH3ebZx344vXrkluew6R7ZVWjD1yVgQTkhwX0aZvM37MeHS0VF9V6p9Op1a0kdCyUg5HZnvS0uNf-oP1e063IKE\" target=\"_blank\" rel=\"noreferrer noopener\">www.ensib.ee<\/a> ja ka Sotsiaalkindlustusametite klienditeenindustes. <\/p>\n\n\n\n<p class=\"has-text-align-center\">Dokumendid v\u00f5ib saata Sotsiaalkindlustusametile postiga v\u00f5i viia isiklikult klienditeenindajale v\u00f5i juhtumikorraldajale<\/p>\n\n\n\n<figure class=\"wp-block-gallery has-nested-images columns-default is-cropped wp-block-gallery-1 is-layout-flex wp-block-gallery-is-layout-flex\">\n<figure class=\"wp-block-image size-large\"><img loading=\"lazy\" decoding=\"async\" width=\"1024\" height=\"461\" data-id=\"428\" src=\"https:\/\/www.sinilinnukeskus.ee\/wp-content\/uploads\/2023\/12\/38053_cd865419c998e9244a7c336baa17a300-8.11.2023-22_55_13-1024x461.jpg\" alt=\"\" class=\"wp-image-428\" srcset=\"https:\/\/sinilinnukeskus.ee\/wp-content\/uploads\/2023\/12\/38053_cd865419c998e9244a7c336baa17a300-8.11.2023-22_55_13-1024x461.jpg 1024w, https:\/\/sinilinnukeskus.ee\/wp-content\/uploads\/2023\/12\/38053_cd865419c998e9244a7c336baa17a300-8.11.2023-22_55_13-300x135.jpg 300w, https:\/\/sinilinnukeskus.ee\/wp-content\/uploads\/2023\/12\/38053_cd865419c998e9244a7c336baa17a300-8.11.2023-22_55_13-768x346.jpg 768w, https:\/\/sinilinnukeskus.ee\/wp-content\/uploads\/2023\/12\/38053_cd865419c998e9244a7c336baa17a300-8.11.2023-22_55_13-1536x691.jpg 1536w, https:\/\/sinilinnukeskus.ee\/wp-content\/uploads\/2023\/12\/38053_cd865419c998e9244a7c336baa17a300-8.11.2023-22_55_13-2048x922.jpg 2048w, https:\/\/sinilinnukeskus.ee\/wp-content\/uploads\/2023\/12\/38053_cd865419c998e9244a7c336baa17a300-8.11.2023-22_55_13-560x252.jpg 560w, https:\/\/sinilinnukeskus.ee\/wp-content\/uploads\/2023\/12\/38053_cd865419c998e9244a7c336baa17a300-8.11.2023-22_55_13-600x270.jpg 600w\" sizes=\"auto, (max-width: 1024px) 100vw, 1024px\" \/><\/figure>\n<\/figure>\n\n\n\n<figure class=\"wp-block-gallery has-nested-images columns-default is-cropped wp-block-gallery-2 is-layout-flex wp-block-gallery-is-layout-flex\">\n<figure class=\"wp-block-image size-large\"><img loading=\"lazy\" decoding=\"async\" width=\"461\" height=\"1024\" data-id=\"431\" src=\"https:\/\/www.sinilinnukeskus.ee\/wp-content\/uploads\/2023\/12\/1701589573333-461x1024.jpg\" alt=\"\" class=\"wp-image-431\" srcset=\"https:\/\/sinilinnukeskus.ee\/wp-content\/uploads\/2023\/12\/1701589573333-461x1024.jpg 461w, https:\/\/sinilinnukeskus.ee\/wp-content\/uploads\/2023\/12\/1701589573333-135x300.jpg 135w, https:\/\/sinilinnukeskus.ee\/wp-content\/uploads\/2023\/12\/1701589573333-768x1707.jpg 768w, https:\/\/sinilinnukeskus.ee\/wp-content\/uploads\/2023\/12\/1701589573333-691x1536.jpg 691w, https:\/\/sinilinnukeskus.ee\/wp-content\/uploads\/2023\/12\/1701589573333-922x2048.jpg 922w, https:\/\/sinilinnukeskus.ee\/wp-content\/uploads\/2023\/12\/1701589573333-560x1244.jpg 560w, https:\/\/sinilinnukeskus.ee\/wp-content\/uploads\/2023\/12\/1701589573333-600x1333.jpg 600w, https:\/\/sinilinnukeskus.ee\/wp-content\/uploads\/2023\/12\/1701589573333-scaled.jpg 1152w\" sizes=\"auto, (max-width: 461px) 100vw, 461px\" \/><\/figure>\n\n\n\n<figure class=\"wp-block-image size-large\"><img loading=\"lazy\" decoding=\"async\" width=\"461\" height=\"1024\" data-id=\"430\" src=\"https:\/\/www.sinilinnukeskus.ee\/wp-content\/uploads\/2023\/12\/1701589573310-461x1024.jpg\" alt=\"\" class=\"wp-image-430\" srcset=\"https:\/\/sinilinnukeskus.ee\/wp-content\/uploads\/2023\/12\/1701589573310-461x1024.jpg 461w, https:\/\/sinilinnukeskus.ee\/wp-content\/uploads\/2023\/12\/1701589573310-135x300.jpg 135w, https:\/\/sinilinnukeskus.ee\/wp-content\/uploads\/2023\/12\/1701589573310-768x1707.jpg 768w, https:\/\/sinilinnukeskus.ee\/wp-content\/uploads\/2023\/12\/1701589573310-691x1536.jpg 691w, https:\/\/sinilinnukeskus.ee\/wp-content\/uploads\/2023\/12\/1701589573310-922x2048.jpg 922w, https:\/\/sinilinnukeskus.ee\/wp-content\/uploads\/2023\/12\/1701589573310-560x1244.jpg 560w, https:\/\/sinilinnukeskus.ee\/wp-content\/uploads\/2023\/12\/1701589573310-600x1333.jpg 600w, https:\/\/sinilinnukeskus.ee\/wp-content\/uploads\/2023\/12\/1701589573310-scaled.jpg 1152w\" sizes=\"auto, (max-width: 461px) 100vw, 461px\" \/><\/figure>\n\n\n\n<figure class=\"wp-block-image size-large\"><img loading=\"lazy\" decoding=\"async\" width=\"1024\" height=\"461\" data-id=\"433\" src=\"https:\/\/www.sinilinnukeskus.ee\/wp-content\/uploads\/2023\/12\/1698859865107-1-1024x461.jpg\" alt=\"\" class=\"wp-image-433\" srcset=\"https:\/\/sinilinnukeskus.ee\/wp-content\/uploads\/2023\/12\/1698859865107-1-1024x461.jpg 1024w, https:\/\/sinilinnukeskus.ee\/wp-content\/uploads\/2023\/12\/1698859865107-1-300x135.jpg 300w, https:\/\/sinilinnukeskus.ee\/wp-content\/uploads\/2023\/12\/1698859865107-1-768x346.jpg 768w, https:\/\/sinilinnukeskus.ee\/wp-content\/uploads\/2023\/12\/1698859865107-1-1536x691.jpg 1536w, https:\/\/sinilinnukeskus.ee\/wp-content\/uploads\/2023\/12\/1698859865107-1-2048x922.jpg 2048w, https:\/\/sinilinnukeskus.ee\/wp-content\/uploads\/2023\/12\/1698859865107-1-560x252.jpg 560w, https:\/\/sinilinnukeskus.ee\/wp-content\/uploads\/2023\/12\/1698859865107-1-600x270.jpg 600w\" sizes=\"auto, (max-width: 1024px) 100vw, 1024px\" \/><\/figure>\n\n\n\n<figure class=\"wp-block-image size-large\"><img loading=\"lazy\" decoding=\"async\" width=\"1024\" height=\"461\" data-id=\"432\" src=\"https:\/\/www.sinilinnukeskus.ee\/wp-content\/uploads\/2023\/12\/1698140225478-1024x461.jpg\" alt=\"\" class=\"wp-image-432\" srcset=\"https:\/\/sinilinnukeskus.ee\/wp-content\/uploads\/2023\/12\/1698140225478-1024x461.jpg 1024w, https:\/\/sinilinnukeskus.ee\/wp-content\/uploads\/2023\/12\/1698140225478-300x135.jpg 300w, https:\/\/sinilinnukeskus.ee\/wp-content\/uploads\/2023\/12\/1698140225478-768x346.jpg 768w, https:\/\/sinilinnukeskus.ee\/wp-content\/uploads\/2023\/12\/1698140225478-1536x691.jpg 1536w, https:\/\/sinilinnukeskus.ee\/wp-content\/uploads\/2023\/12\/1698140225478-2048x922.jpg 2048w, https:\/\/sinilinnukeskus.ee\/wp-content\/uploads\/2023\/12\/1698140225478-560x252.jpg 560w, https:\/\/sinilinnukeskus.ee\/wp-content\/uploads\/2023\/12\/1698140225478-600x270.jpg 600w\" sizes=\"auto, (max-width: 1024px) 100vw, 1024px\" \/><\/figure>\n\n\n\n<figure class=\"wp-block-image size-large\"><img loading=\"lazy\" decoding=\"async\" width=\"1024\" height=\"461\" data-id=\"434\" src=\"https:\/\/www.sinilinnukeskus.ee\/wp-content\/uploads\/2023\/12\/1698140129149-1-1024x461.jpg\" alt=\"\" class=\"wp-image-434\" srcset=\"https:\/\/sinilinnukeskus.ee\/wp-content\/uploads\/2023\/12\/1698140129149-1-1024x461.jpg 1024w, https:\/\/sinilinnukeskus.ee\/wp-content\/uploads\/2023\/12\/1698140129149-1-300x135.jpg 300w, https:\/\/sinilinnukeskus.ee\/wp-content\/uploads\/2023\/12\/1698140129149-1-768x346.jpg 768w, https:\/\/sinilinnukeskus.ee\/wp-content\/uploads\/2023\/12\/1698140129149-1-1536x691.jpg 1536w, https:\/\/sinilinnukeskus.ee\/wp-content\/uploads\/2023\/12\/1698140129149-1-2048x922.jpg 2048w, https:\/\/sinilinnukeskus.ee\/wp-content\/uploads\/2023\/12\/1698140129149-1-560x252.jpg 560w, https:\/\/sinilinnukeskus.ee\/wp-content\/uploads\/2023\/12\/1698140129149-1-600x270.jpg 600w\" sizes=\"auto, (max-width: 1024px) 100vw, 1024px\" \/><\/figure>\n<\/figure>\n\n\n\n<p><\/p>\n","protected":false},"excerpt":{"rendered":"<p>Erihoolekandeteenuse eesm\u00e4rk on ps\u00fc\u00fchilise erivajadusega inimese iseseisva toimetuleku arendamine ja tegevuse juhendamine. Toetavad erihoolekandeteenused on kliendile TASUTA. Toetavad erihoolekandeteenused on kliendile TASUTA. MT\u00dc Rahum\u00e4e Sinilinnud<\/p>\n","protected":false},"author":1,"featured_media":0,"parent":0,"menu_order":0,"comment_status":"closed","ping_status":"closed","template":"","meta":{"_uag_custom_page_level_css":"","footnotes":""},"class_list":["post-182","page","type-page","status-publish","hentry"],"yoast_head":"<!-- This site is optimized with the Yoast SEO plugin v20.12 - https:\/\/yoast.com\/wordpress\/plugins\/seo\/ -->\n<title>Osutatavad erihoolekande teenus - Sinilinnu P\u00e4evakeskus<\/title>\n<meta name=\"robots\" content=\"index, follow, max-snippet:-1, max-image-preview:large, max-video-preview:-1\" \/>\n<link rel=\"canonical\" href=\"https:\/\/sinilinnukeskus.ee\/?page_id=182\" \/>\n<meta property=\"og:locale\" content=\"et_EE\" \/>\n<meta property=\"og:type\" content=\"article\" \/>\n<meta property=\"og:title\" content=\"Osutatavad erihoolekande teenus - Sinilinnu P\u00e4evakeskus\" \/>\n<meta property=\"og:description\" content=\"Erihoolekandeteenuse eesm\u00e4rk on ps\u00fc\u00fchilise erivajadusega inimese iseseisva toimetuleku arendamine ja tegevuse juhendamine. Toetavad erihoolekandeteenused on kliendile TASUTA. Toetavad erihoolekandeteenused on kliendile TASUTA. MT\u00dc Rahum\u00e4e Sinilinnud\" \/>\n<meta property=\"og:url\" content=\"https:\/\/sinilinnukeskus.ee\/?page_id=182\" \/>\n<meta property=\"og:site_name\" content=\"Sinilinnu P\u00e4evakeskus\" \/>\n<meta property=\"article:modified_time\" content=\"2023-12-04T09:16:15+00:00\" \/>\n<meta property=\"og:image\" content=\"https:\/\/www.sinilinnukeskus.ee\/wp-content\/uploads\/2023\/12\/38053_cd865419c998e9244a7c336baa17a300-8.11.2023-22_55_13-1024x461.jpg\" \/>\n<meta name=\"twitter:card\" content=\"summary_large_image\" \/>\n<meta name=\"twitter:label1\" content=\"Est. reading time\" \/>\n\t<meta name=\"twitter:data1\" content=\"3 minutit\" \/>\n<script type=\"application\/ld+json\" class=\"yoast-schema-graph\">{\"@context\":\"https:\/\/schema.org\",\"@graph\":[{\"@type\":\"WebPage\",\"@id\":\"https:\/\/sinilinnukeskus.ee\/?page_id=182\",\"url\":\"https:\/\/sinilinnukeskus.ee\/?page_id=182\",\"name\":\"Osutatavad erihoolekande teenus - Sinilinnu P\u00e4evakeskus\",\"isPartOf\":{\"@id\":\"https:\/\/sinilinnukeskus.ee\/#website\"},\"datePublished\":\"2023-10-06T08:52:41+00:00\",\"dateModified\":\"2023-12-04T09:16:15+00:00\",\"breadcrumb\":{\"@id\":\"https:\/\/sinilinnukeskus.ee\/?page_id=182#breadcrumb\"},\"inLanguage\":\"et\",\"potentialAction\":[{\"@type\":\"ReadAction\",\"target\":[\"https:\/\/sinilinnukeskus.ee\/?page_id=182\"]}]},{\"@type\":\"BreadcrumbList\",\"@id\":\"https:\/\/sinilinnukeskus.ee\/?page_id=182#breadcrumb\",\"itemListElement\":[{\"@type\":\"ListItem\",\"position\":1,\"name\":\"Home\",\"item\":\"https:\/\/sinilinnukeskus.ee\/\"},{\"@type\":\"ListItem\",\"position\":2,\"name\":\"Osutatavad erihoolekande teenus\"}]},{\"@type\":\"WebSite\",\"@id\":\"https:\/\/sinilinnukeskus.ee\/#website\",\"url\":\"https:\/\/sinilinnukeskus.ee\/\",\"name\":\"Sinilinnu P\u00e4evakeskus\",\"description\":\"Pesa erilistele inimestele!\",\"publisher\":{\"@id\":\"https:\/\/sinilinnukeskus.ee\/#organization\"},\"potentialAction\":[{\"@type\":\"SearchAction\",\"target\":{\"@type\":\"EntryPoint\",\"urlTemplate\":\"https:\/\/sinilinnukeskus.ee\/?s={search_term_string}\"},\"query-input\":\"required name=search_term_string\"}],\"inLanguage\":\"et\"},{\"@type\":\"Organization\",\"@id\":\"https:\/\/sinilinnukeskus.ee\/#organization\",\"name\":\"Sinilinnu P\u00e4evakeskus\",\"url\":\"https:\/\/sinilinnukeskus.ee\/\",\"logo\":{\"@type\":\"ImageObject\",\"inLanguage\":\"et\",\"@id\":\"https:\/\/sinilinnukeskus.ee\/#\/schema\/logo\/image\/\",\"url\":\"https:\/\/sinilinnukeskus.ee\/wp-content\/uploads\/2023\/08\/cropped-347582059_748069043770774_4850634586322964706_n-1.jpg\",\"contentUrl\":\"https:\/\/sinilinnukeskus.ee\/wp-content\/uploads\/2023\/08\/cropped-347582059_748069043770774_4850634586322964706_n-1.jpg\",\"width\":452,\"height\":291,\"caption\":\"Sinilinnu P\u00e4evakeskus\"},\"image\":{\"@id\":\"https:\/\/sinilinnukeskus.ee\/#\/schema\/logo\/image\/\"}}]}<\/script>\n<!-- \/ Yoast SEO plugin. -->","yoast_head_json":{"title":"Osutatavad erihoolekande teenus - Sinilinnu P\u00e4evakeskus","robots":{"index":"index","follow":"follow","max-snippet":"max-snippet:-1","max-image-preview":"max-image-preview:large","max-video-preview":"max-video-preview:-1"},"canonical":"https:\/\/sinilinnukeskus.ee\/?page_id=182","og_locale":"et_EE","og_type":"article","og_title":"Osutatavad erihoolekande teenus - Sinilinnu P\u00e4evakeskus","og_description":"Erihoolekandeteenuse eesm\u00e4rk on ps\u00fc\u00fchilise erivajadusega inimese iseseisva toimetuleku arendamine ja tegevuse juhendamine. Toetavad erihoolekandeteenused on kliendile TASUTA. Toetavad erihoolekandeteenused on kliendile TASUTA. MT\u00dc Rahum\u00e4e Sinilinnud","og_url":"https:\/\/sinilinnukeskus.ee\/?page_id=182","og_site_name":"Sinilinnu P\u00e4evakeskus","article_modified_time":"2023-12-04T09:16:15+00:00","og_image":[{"url":"https:\/\/www.sinilinnukeskus.ee\/wp-content\/uploads\/2023\/12\/38053_cd865419c998e9244a7c336baa17a300-8.11.2023-22_55_13-1024x461.jpg"}],"twitter_card":"summary_large_image","twitter_misc":{"Est. reading time":"3 minutit"},"schema":{"@context":"https:\/\/schema.org","@graph":[{"@type":"WebPage","@id":"https:\/\/sinilinnukeskus.ee\/?page_id=182","url":"https:\/\/sinilinnukeskus.ee\/?page_id=182","name":"Osutatavad erihoolekande teenus - Sinilinnu P\u00e4evakeskus","isPartOf":{"@id":"https:\/\/sinilinnukeskus.ee\/#website"},"datePublished":"2023-10-06T08:52:41+00:00","dateModified":"2023-12-04T09:16:15+00:00","breadcrumb":{"@id":"https:\/\/sinilinnukeskus.ee\/?page_id=182#breadcrumb"},"inLanguage":"et","potentialAction":[{"@type":"ReadAction","target":["https:\/\/sinilinnukeskus.ee\/?page_id=182"]}]},{"@type":"BreadcrumbList","@id":"https:\/\/sinilinnukeskus.ee\/?page_id=182#breadcrumb","itemListElement":[{"@type":"ListItem","position":1,"name":"Home","item":"https:\/\/sinilinnukeskus.ee\/"},{"@type":"ListItem","position":2,"name":"Osutatavad erihoolekande teenus"}]},{"@type":"WebSite","@id":"https:\/\/sinilinnukeskus.ee\/#website","url":"https:\/\/sinilinnukeskus.ee\/","name":"Sinilinnu P\u00e4evakeskus","description":"Pesa erilistele inimestele!","publisher":{"@id":"https:\/\/sinilinnukeskus.ee\/#organization"},"potentialAction":[{"@type":"SearchAction","target":{"@type":"EntryPoint","urlTemplate":"https:\/\/sinilinnukeskus.ee\/?s={search_term_string}"},"query-input":"required name=search_term_string"}],"inLanguage":"et"},{"@type":"Organization","@id":"https:\/\/sinilinnukeskus.ee\/#organization","name":"Sinilinnu P\u00e4evakeskus","url":"https:\/\/sinilinnukeskus.ee\/","logo":{"@type":"ImageObject","inLanguage":"et","@id":"https:\/\/sinilinnukeskus.ee\/#\/schema\/logo\/image\/","url":"https:\/\/sinilinnukeskus.ee\/wp-content\/uploads\/2023\/08\/cropped-347582059_748069043770774_4850634586322964706_n-1.jpg","contentUrl":"https:\/\/sinilinnukeskus.ee\/wp-content\/uploads\/2023\/08\/cropped-347582059_748069043770774_4850634586322964706_n-1.jpg","width":452,"height":291,"caption":"Sinilinnu P\u00e4evakeskus"},"image":{"@id":"https:\/\/sinilinnukeskus.ee\/#\/schema\/logo\/image\/"}}]}},"uagb_featured_image_src":{"full":false,"thumbnail":false,"medium":false,"medium_large":false,"large":false,"1536x1536":false,"2048x2048":false,"nonprofit_post":false,"nonprofit_slider":false,"woocommerce_thumbnail":false,"woocommerce_single":false,"woocommerce_gallery_thumbnail":false},"uagb_author_info":{"display_name":"Sinilinnu P\u00e4evakeskus","author_link":"https:\/\/sinilinnukeskus.ee\/?author=1"},"uagb_comment_info":0,"uagb_excerpt":"Erihoolekandeteenuse eesm\u00e4rk on ps\u00fc\u00fchilise erivajadusega inimese iseseisva toimetuleku arendamine ja tegevuse juhendamine. Toetavad erihoolekandeteenused on kliendile TASUTA. Toetavad erihoolekandeteenused on kliendile TASUTA. MT\u00dc Rahum\u00e4e Sinilinnud","_links":{"self":[{"href":"https:\/\/sinilinnukeskus.ee\/index.php?rest_route=\/wp\/v2\/pages\/182","targetHints":{"allow":["GET"]}}],"collection":[{"href":"https:\/\/sinilinnukeskus.ee\/index.php?rest_route=\/wp\/v2\/pages"}],"about":[{"href":"https:\/\/sinilinnukeskus.ee\/index.php?rest_route=\/wp\/v2\/types\/page"}],"author":[{"embeddable":true,"href":"https:\/\/sinilinnukeskus.ee\/index.php?rest_route=\/wp\/v2\/users\/1"}],"replies":[{"embeddable":true,"href":"https:\/\/sinilinnukeskus.ee\/index.php?rest_route=%2Fwp%2Fv2%2Fcomments&post=182"}],"version-history":[{"count":5,"href":"https:\/\/sinilinnukeskus.ee\/index.php?rest_route=\/wp\/v2\/pages\/182\/revisions"}],"predecessor-version":[{"id":436,"href":"https:\/\/sinilinnukeskus.ee\/index.php?rest_route=\/wp\/v2\/pages\/182\/revisions\/436"}],"wp:attachment":[{"href":"https:\/\/sinilinnukeskus.ee\/index.php?rest_route=%2Fwp%2Fv2%2Fmedia&parent=182"}],"curies":[{"name":"wp","href":"https:\/\/api.w.org\/{rel}","templated":true}]}}