{"id":173,"date":"2023-10-06T11:42:11","date_gmt":"2023-10-06T08:42:11","guid":{"rendered":"https:\/\/www.sinilinnukeskus.ee\/?page_id=173"},"modified":"2023-12-04T12:25:31","modified_gmt":"2023-12-04T10:25:31","slug":"ettevotte-kohta","status":"publish","type":"page","link":"https:\/\/sinilinnukeskus.ee\/?page_id=173","title":{"rendered":"Meist"},"content":{"rendered":"\n<div class=\"wp-block-group\"><div class=\"wp-block-group__inner-container is-layout-constrained wp-block-group-is-layout-constrained\">\n<p class=\"has-text-align-left\">Mittetulundus\u00fching Rahum\u00e4e Sinilinnud registrikood: 80623956.<\/p>\n\n\n\n<p class=\"has-text-align-left\">Tegevusvaldkond: tervishoid ja sotsiaalhoolekanne <\/p>\n\n\n\n<p class=\"has-text-align-left\">Osutame erihoolekandeteenuseid (toetatud elamine ja igap\u00e4evaelu toetamine) ning ka tugiisikuteenust.<\/p>\n\n\n\n<p>L\u00e4biviidavad tegevused: discgolfi \u00f5htutund, kepik\u00f5nni ja v\u00f5imlemise l\u00f5unatund, \u00f5una- ja seebitegu.<\/p>\n\n\n\n<p class=\"has-text-align-left\">Juriidiline aadress: P\u00f5lva maakond, R\u00e4pina vald, Rahum\u00e4e k\u00fcla, Palok\u00fcll-Kruusim\u00e4e, 64416 . Tegevused toimuvad R\u00e4pina linnas. <\/p>\n\n\n\n<div class=\"wp-block-uagb-image uagb-block-b4a9c3e7 wp-block-uagb-image--layout-default wp-block-uagb-image--effect-static wp-block-uagb-image--align-none\"><figure class=\"wp-block-uagb-image__figure\"><img decoding=\"async\" srcset=\"https:\/\/www.sinilinnukeskus.ee\/wp-content\/uploads\/2023\/12\/1-1024x585.png \" sizes=\"auto, (max-width: 480px) 150px\" src=\"https:\/\/www.sinilinnukeskus.ee\/wp-content\/uploads\/2023\/12\/1-1024x585.png\" alt=\"\" width=\"1024\" height=\"585\" title=\"\" loading=\"lazy\"\/><\/figure><\/div>\n<\/div><\/div>\n\n\n\n<figure class=\"wp-block-image size-large is-resized\"><img loading=\"lazy\" decoding=\"async\" width=\"461\" height=\"1024\" src=\"https:\/\/www.sinilinnukeskus.ee\/wp-content\/uploads\/2023\/12\/1701685361679-461x1024.jpg\" alt=\"\" class=\"wp-image-459\" style=\"width:625px;height:auto\" srcset=\"https:\/\/sinilinnukeskus.ee\/wp-content\/uploads\/2023\/12\/1701685361679-461x1024.jpg 461w, https:\/\/sinilinnukeskus.ee\/wp-content\/uploads\/2023\/12\/1701685361679-135x300.jpg 135w, https:\/\/sinilinnukeskus.ee\/wp-content\/uploads\/2023\/12\/1701685361679-768x1707.jpg 768w, https:\/\/sinilinnukeskus.ee\/wp-content\/uploads\/2023\/12\/1701685361679-691x1536.jpg 691w, https:\/\/sinilinnukeskus.ee\/wp-content\/uploads\/2023\/12\/1701685361679-922x2048.jpg 922w, https:\/\/sinilinnukeskus.ee\/wp-content\/uploads\/2023\/12\/1701685361679-560x1244.jpg 560w, https:\/\/sinilinnukeskus.ee\/wp-content\/uploads\/2023\/12\/1701685361679-600x1333.jpg 600w, https:\/\/sinilinnukeskus.ee\/wp-content\/uploads\/2023\/12\/1701685361679-scaled.jpg 1152w\" sizes=\"auto, (max-width: 461px) 100vw, 461px\" \/><\/figure>\n","protected":false},"excerpt":{"rendered":"<p>Mittetulundus\u00fching Rahum\u00e4e Sinilinnud registrikood: 80623956. Tegevusvaldkond: tervishoid ja sotsiaalhoolekanne Osutame erihoolekandeteenuseid (toetatud elamine ja igap\u00e4evaelu toetamine) ning ka tugiisikuteenust. L\u00e4biviidavad tegevused: discgolfi \u00f5htutund, kepik\u00f5nni ja<\/p>\n","protected":false},"author":1,"featured_media":0,"parent":0,"menu_order":0,"comment_status":"closed","ping_status":"closed","template":"","meta":{"_uag_custom_page_level_css":"","footnotes":""},"class_list":["post-173","page","type-page","status-publish","hentry"],"yoast_head":"<!-- This site is optimized with the Yoast SEO plugin v20.12 - https:\/\/yoast.com\/wordpress\/plugins\/seo\/ -->\n<title>Meist - Sinilinnu P\u00e4evakeskus<\/title>\n<meta name=\"robots\" content=\"index, follow, max-snippet:-1, max-image-preview:large, max-video-preview:-1\" \/>\n<link rel=\"canonical\" href=\"https:\/\/sinilinnukeskus.ee\/?page_id=173\" \/>\n<meta property=\"og:locale\" content=\"et_EE\" \/>\n<meta property=\"og:type\" content=\"article\" \/>\n<meta property=\"og:title\" content=\"Meist - Sinilinnu P\u00e4evakeskus\" \/>\n<meta property=\"og:description\" content=\"Mittetulundus\u00fching Rahum\u00e4e Sinilinnud registrikood: 80623956. Tegevusvaldkond: tervishoid ja sotsiaalhoolekanne Osutame erihoolekandeteenuseid (toetatud elamine ja igap\u00e4evaelu toetamine) ning ka tugiisikuteenust. L\u00e4biviidavad tegevused: discgolfi \u00f5htutund, kepik\u00f5nni ja\" \/>\n<meta property=\"og:url\" content=\"https:\/\/sinilinnukeskus.ee\/?page_id=173\" \/>\n<meta property=\"og:site_name\" content=\"Sinilinnu P\u00e4evakeskus\" \/>\n<meta property=\"article:modified_time\" content=\"2023-12-04T10:25:31+00:00\" \/>\n<meta property=\"og:image\" content=\"https:\/\/www.sinilinnukeskus.ee\/wp-content\/uploads\/2023\/12\/1-1024x585.png\" \/>\n<meta name=\"twitter:card\" content=\"summary_large_image\" \/>\n<meta name=\"twitter:label1\" content=\"Est. reading time\" \/>\n\t<meta name=\"twitter:data1\" content=\"1 minut\" \/>\n<script type=\"application\/ld+json\" class=\"yoast-schema-graph\">{\"@context\":\"https:\/\/schema.org\",\"@graph\":[{\"@type\":\"WebPage\",\"@id\":\"https:\/\/sinilinnukeskus.ee\/?page_id=173\",\"url\":\"https:\/\/sinilinnukeskus.ee\/?page_id=173\",\"name\":\"Meist - Sinilinnu P\u00e4evakeskus\",\"isPartOf\":{\"@id\":\"https:\/\/sinilinnukeskus.ee\/#website\"},\"datePublished\":\"2023-10-06T08:42:11+00:00\",\"dateModified\":\"2023-12-04T10:25:31+00:00\",\"breadcrumb\":{\"@id\":\"https:\/\/sinilinnukeskus.ee\/?page_id=173#breadcrumb\"},\"inLanguage\":\"et\",\"potentialAction\":[{\"@type\":\"ReadAction\",\"target\":[\"https:\/\/sinilinnukeskus.ee\/?page_id=173\"]}]},{\"@type\":\"BreadcrumbList\",\"@id\":\"https:\/\/sinilinnukeskus.ee\/?page_id=173#breadcrumb\",\"itemListElement\":[{\"@type\":\"ListItem\",\"position\":1,\"name\":\"Home\",\"item\":\"https:\/\/sinilinnukeskus.ee\/\"},{\"@type\":\"ListItem\",\"position\":2,\"name\":\"Meist\"}]},{\"@type\":\"WebSite\",\"@id\":\"https:\/\/sinilinnukeskus.ee\/#website\",\"url\":\"https:\/\/sinilinnukeskus.ee\/\",\"name\":\"Sinilinnu P\u00e4evakeskus\",\"description\":\"Pesa erilistele inimestele!\",\"publisher\":{\"@id\":\"https:\/\/sinilinnukeskus.ee\/#organization\"},\"potentialAction\":[{\"@type\":\"SearchAction\",\"target\":{\"@type\":\"EntryPoint\",\"urlTemplate\":\"https:\/\/sinilinnukeskus.ee\/?s={search_term_string}\"},\"query-input\":\"required name=search_term_string\"}],\"inLanguage\":\"et\"},{\"@type\":\"Organization\",\"@id\":\"https:\/\/sinilinnukeskus.ee\/#organization\",\"name\":\"Sinilinnu P\u00e4evakeskus\",\"url\":\"https:\/\/sinilinnukeskus.ee\/\",\"logo\":{\"@type\":\"ImageObject\",\"inLanguage\":\"et\",\"@id\":\"https:\/\/sinilinnukeskus.ee\/#\/schema\/logo\/image\/\",\"url\":\"https:\/\/sinilinnukeskus.ee\/wp-content\/uploads\/2023\/08\/cropped-347582059_748069043770774_4850634586322964706_n-1.jpg\",\"contentUrl\":\"https:\/\/sinilinnukeskus.ee\/wp-content\/uploads\/2023\/08\/cropped-347582059_748069043770774_4850634586322964706_n-1.jpg\",\"width\":452,\"height\":291,\"caption\":\"Sinilinnu P\u00e4evakeskus\"},\"image\":{\"@id\":\"https:\/\/sinilinnukeskus.ee\/#\/schema\/logo\/image\/\"}}]}<\/script>\n<!-- \/ Yoast SEO plugin. -->","yoast_head_json":{"title":"Meist - Sinilinnu P\u00e4evakeskus","robots":{"index":"index","follow":"follow","max-snippet":"max-snippet:-1","max-image-preview":"max-image-preview:large","max-video-preview":"max-video-preview:-1"},"canonical":"https:\/\/sinilinnukeskus.ee\/?page_id=173","og_locale":"et_EE","og_type":"article","og_title":"Meist - Sinilinnu P\u00e4evakeskus","og_description":"Mittetulundus\u00fching Rahum\u00e4e Sinilinnud registrikood: 80623956. Tegevusvaldkond: tervishoid ja sotsiaalhoolekanne Osutame erihoolekandeteenuseid (toetatud elamine ja igap\u00e4evaelu toetamine) ning ka tugiisikuteenust. L\u00e4biviidavad tegevused: discgolfi \u00f5htutund, kepik\u00f5nni ja","og_url":"https:\/\/sinilinnukeskus.ee\/?page_id=173","og_site_name":"Sinilinnu P\u00e4evakeskus","article_modified_time":"2023-12-04T10:25:31+00:00","og_image":[{"url":"https:\/\/www.sinilinnukeskus.ee\/wp-content\/uploads\/2023\/12\/1-1024x585.png"}],"twitter_card":"summary_large_image","twitter_misc":{"Est. reading time":"1 minut"},"schema":{"@context":"https:\/\/schema.org","@graph":[{"@type":"WebPage","@id":"https:\/\/sinilinnukeskus.ee\/?page_id=173","url":"https:\/\/sinilinnukeskus.ee\/?page_id=173","name":"Meist - Sinilinnu P\u00e4evakeskus","isPartOf":{"@id":"https:\/\/sinilinnukeskus.ee\/#website"},"datePublished":"2023-10-06T08:42:11+00:00","dateModified":"2023-12-04T10:25:31+00:00","breadcrumb":{"@id":"https:\/\/sinilinnukeskus.ee\/?page_id=173#breadcrumb"},"inLanguage":"et","potentialAction":[{"@type":"ReadAction","target":["https:\/\/sinilinnukeskus.ee\/?page_id=173"]}]},{"@type":"BreadcrumbList","@id":"https:\/\/sinilinnukeskus.ee\/?page_id=173#breadcrumb","itemListElement":[{"@type":"ListItem","position":1,"name":"Home","item":"https:\/\/sinilinnukeskus.ee\/"},{"@type":"ListItem","position":2,"name":"Meist"}]},{"@type":"WebSite","@id":"https:\/\/sinilinnukeskus.ee\/#website","url":"https:\/\/sinilinnukeskus.ee\/","name":"Sinilinnu P\u00e4evakeskus","description":"Pesa erilistele inimestele!","publisher":{"@id":"https:\/\/sinilinnukeskus.ee\/#organization"},"potentialAction":[{"@type":"SearchAction","target":{"@type":"EntryPoint","urlTemplate":"https:\/\/sinilinnukeskus.ee\/?s={search_term_string}"},"query-input":"required name=search_term_string"}],"inLanguage":"et"},{"@type":"Organization","@id":"https:\/\/sinilinnukeskus.ee\/#organization","name":"Sinilinnu P\u00e4evakeskus","url":"https:\/\/sinilinnukeskus.ee\/","logo":{"@type":"ImageObject","inLanguage":"et","@id":"https:\/\/sinilinnukeskus.ee\/#\/schema\/logo\/image\/","url":"https:\/\/sinilinnukeskus.ee\/wp-content\/uploads\/2023\/08\/cropped-347582059_748069043770774_4850634586322964706_n-1.jpg","contentUrl":"https:\/\/sinilinnukeskus.ee\/wp-content\/uploads\/2023\/08\/cropped-347582059_748069043770774_4850634586322964706_n-1.jpg","width":452,"height":291,"caption":"Sinilinnu P\u00e4evakeskus"},"image":{"@id":"https:\/\/sinilinnukeskus.ee\/#\/schema\/logo\/image\/"}}]}},"uagb_featured_image_src":{"full":false,"thumbnail":false,"medium":false,"medium_large":false,"large":false,"1536x1536":false,"2048x2048":false,"nonprofit_post":false,"nonprofit_slider":false,"woocommerce_thumbnail":false,"woocommerce_single":false,"woocommerce_gallery_thumbnail":false},"uagb_author_info":{"display_name":"Sinilinnu P\u00e4evakeskus","author_link":"https:\/\/sinilinnukeskus.ee\/?author=1"},"uagb_comment_info":0,"uagb_excerpt":"Mittetulundus\u00fching Rahum\u00e4e Sinilinnud registrikood: 80623956. Tegevusvaldkond: tervishoid ja sotsiaalhoolekanne Osutame erihoolekandeteenuseid (toetatud elamine ja igap\u00e4evaelu toetamine) ning ka tugiisikuteenust. L\u00e4biviidavad tegevused: discgolfi \u00f5htutund, kepik\u00f5nni ja","_links":{"self":[{"href":"https:\/\/sinilinnukeskus.ee\/index.php?rest_route=\/wp\/v2\/pages\/173","targetHints":{"allow":["GET"]}}],"collection":[{"href":"https:\/\/sinilinnukeskus.ee\/index.php?rest_route=\/wp\/v2\/pages"}],"about":[{"href":"https:\/\/sinilinnukeskus.ee\/index.php?rest_route=\/wp\/v2\/types\/page"}],"author":[{"embeddable":true,"href":"https:\/\/sinilinnukeskus.ee\/index.php?rest_route=\/wp\/v2\/users\/1"}],"replies":[{"embeddable":true,"href":"https:\/\/sinilinnukeskus.ee\/index.php?rest_route=%2Fwp%2Fv2%2Fcomments&post=173"}],"version-history":[{"count":5,"href":"https:\/\/sinilinnukeskus.ee\/index.php?rest_route=\/wp\/v2\/pages\/173\/revisions"}],"predecessor-version":[{"id":461,"href":"https:\/\/sinilinnukeskus.ee\/index.php?rest_route=\/wp\/v2\/pages\/173\/revisions\/461"}],"wp:attachment":[{"href":"https:\/\/sinilinnukeskus.ee\/index.php?rest_route=%2Fwp%2Fv2%2Fmedia&parent=173"}],"curies":[{"name":"wp","href":"https:\/\/api.w.org\/{rel}","templated":true}]}}